common factor of d and 18.
6
Suppose -4 = -k - 4*w + 2, 5*w = 4*k - 24. Let l = 8 + -1. Suppose -2*x - 18 = -l*x - q, -5*q = -4*x - 3. What is the greatest common divisor of k and x?
3
Suppose 7 = 4*m - 3*u, -2*u - 15 = u. Let x be (15/m)/((-10)/20). Let n = x + 18. Calculate the highest common divisor of 22 and n.
11
Suppose -46 = -5*h - 4*u, -h = -7*u + 5*u + 2. What is the greatest common factor of 114 and h?
6
Let r = 3 + 4. Suppose f + r*f = 360. Calculate the highest common divisor of 135 and f.
45
Let s(x) = x**3 + 11*x**2 + 7*x. Let j be s(-10). Suppose -2*a = -t + j, -2*a + 170 = 6*t - 2*t. Calculate the greatest common factor of 16 and t.
8
Suppose 6*w - 10*w - 2*x = -688, 2*x - 8 = 0. What is the greatest common divisor of 51 and w?
17
Suppose 10 = 4*f - 134. Suppose 5*v = 2*r - 380, r - 2*v = v + 192. What is the highest common factor of r and f?
36
Suppose 22 = 3*j + 1. Suppose -l + 28 + 4 = 5*o, -47 = -5*o + 4*l. Calculate the highest common divisor of o and j.
7
Let o(t) = 2*t**2 - 2*t - 4. Let g be o(-3). Let s = 11 - g. Let z = s - -22. Calculate the highest common factor of 13 and z.
13
Let z be ((-4)/(-5))/(-4 + 3376/840). Calculate the highest common factor of 9 and z.
3
Suppose -81*l + 561 = -87. Calculate the highest common divisor of 36 and l.
4
Let a be (3 - 80/24) + (-295)/(-3). Calculate the greatest common factor of a and 14.
14
Let t(g) = -3*g - 5. Let d be t(-7). Let n be (1 - d)/((-15)/20). Calculate the greatest common factor of 10 and n.
10
Let v be (-12)/(-108) - (-53)/9. Suppose -2*n = n + 3. Let g = 2 + n. Calculate the greatest common factor of v and g.
1
Let s be 4/(-32)*-244 + 1/(-2). Suppose -4*u - 2*k - 2*k + 200 = 0, 3*u + 2*k = 145. What is the greatest common factor of s and u?
15
Let u(p) = 18*p + 166. Let b be u(-9). What is the greatest common factor of 20 and b?
4
Let p be (3/(-5))/((-5)/(-25)). Let o(f) = -2*f + 2. Let r be o(p). Suppose 0 = r*h - 5*h - 9. Calculate the highest common factor of 2 and h.
1
Let g(s) = -s**2 - 6*s - 34. Let r(o) = 3*o**2 + 13*o + 67. Let u(d) = -5*g(d) - 2*r(d). Let y be u(0). What is the greatest common factor of y and 252?
36
Let v = -41 + 72. Suppose 320 = -v*x + 36*x. What is the greatest common divisor of 16 and x?
16
Suppose 0 = j + 2*t - 206, 4*j - 2*t = -0*j + 874. Calculate the greatest common factor of j and 48.
24
Suppose -9*j = -15*j + 108. Let g = j + 26. What is the highest common factor of g and 110?
22
Suppose -7*q + 67 + 3 = 0. Suppose 0 = 2*y - 0*y - 600. Let s = y - 190. Calculate the greatest common divisor of q and s.
10
Suppose 5*o - 3*q = 21, 4*o = 4*q + 26 - 6. Suppose -w = -4*m + 75, -w + 4*w = -o*m + 75. Calculate the highest common factor of m and 60.
20
Suppose 2*a = -3*a + 5. Suppose -76 = -6*k - 22. Calculate the highest common divisor of a and k.
1
Suppose 46 = 2*d - 10. Let s = 20 + 0. Suppose 4*j + 4 = 5*v - s, 3*j = -5*v + 17. Calculate the highest common divisor of d and v.
4
Let o = 2 + -13. Let v(k) = k**3 + 10*k**2 - 5*k + 11. Let x be v(o). Let j be (-2629)/x - 1/(-5). What is the highest common divisor of 16 and j?
16
Let p(t) = 5*t - 5. Let g be p(1). Suppose 3*n + 16 - 49 = g. Let b = 64 - -35. What is the greatest common factor of n and b?
11
Let s(r) = -45*r + 141. Let n be s(3). What is the greatest common divisor of n and 1446?
6
Let a(b) = 7*b**2 + 11*b + 6. Let f be a(-3). Calculate the highest common divisor of 576 and f.
36
Let o = 275 - 274. Calculate the highest common divisor of 53 and o.
1
Let w be 994/10 + 18/(-45). Calculate the greatest common factor of w and 44.
11
Suppose -76*t = 83 - 5555. Calculate the highest common divisor of 81 and t.
9
Let a = -360 - -730. What is the highest common factor of a and 10?
10
Let n = -62 + 74. Let l = 28 - 10. What is the greatest common divisor of l and n?
6
Suppose -12*s - 180 = -18*s. Calculate the highest common divisor of 10 and s.
10
Let y(j) = 5*j - 30. Let c(o) = o**3 - 8*o**2 + 6*o + 17. Let i be c(7). Let h be y(i). Calculate the highest common divisor of h and 160.
20
Let b(c) = -c**2 - 4*c + 4. Let l be b(-4). Let f = 8062 - 8022. What is the highest common divisor of f and l?
4
Let n(j) = -2*j**3 + 73*j**2 + 43*j - 214. Let i be n(37). Calculate the highest common divisor of 512 and i.
8
Suppose -314 = 5*p + 186. Let x be 2/10 - 1780/p - -1. What is the greatest common factor of x and 19?
19
Let v = 713 - 674. Calculate the highest common divisor of v and 65.
13
Suppose 0 = k + s - 62, 5*k - 238 = 2*s + 58. Calculate the greatest common factor of 260 and k.
20
Let k(u) = -21*u**2 - 5*u + 7. Let b be k(2). Let a be (-2 - b/6) + 6/(-4). What is the highest common factor of a and 11?
11
Suppose 7*a = 11*a - 192. Suppose -a = 4*m - 10*m. Let r be (-4)/m - 141/(-2). Calculate the greatest common factor of r and 10.
10
Let i = -24 + 29. Suppose -8 = -4*b + 4*s, 0*s = i*b - 4*s - 10. Calculate the highest common divisor of b and 1.
1
Let o be -18 + 10 + (974 - 0). What is the highest common divisor of 21 and o?
21
Let a(s) = s**3 - 3*s**2 + 2. Let h be a(3). Let w be (-9)/h*20/(-3). Calculate the greatest common divisor of 75 and w.
15
Let d be 2/1*(-1 - -3). Let s be ((-98)/(-28))/(1/d). What is the greatest common factor of 42 and s?
14
Suppose -4*o = 2*o - 12. Let r be o/(-1)*27/(-6). What is the highest common divisor of r and 45?
9
Let k = -35 + 88. Let u = k + -8. Let i be 15 + 2/(-4)*0. What is the greatest common divisor of u and i?
15
Let y(n) = n - 7. Let h be y(12). Suppose 51 = h*v + 16. What is the greatest common factor of v and 21?
7
Let h = 1253 + -1207. Calculate the greatest common divisor of 207 and h.
23
Let f be ((-4)/9)/((-4)/18). Suppose -w + 3*p = -f*w, -w + 4 = p. What is the highest common divisor of w and 9?
3
Suppose -4*m + 2*y - 940 = -9*m, 5*y - 564 = -3*m. What is the highest common divisor of 141 and m?
47
Let a = 43 - 34. Calculate the highest common factor of 45 and a.
9
Suppose -36*o - 69*o + 51450 = 0. Calculate the highest common divisor of 105 and o.
35
Let f = 254 + -160. Suppose -4*s + f = -2*s. Suppose -2*d - 53 = -j - 12, -j + 4*d + s = 0. Calculate the greatest common factor of 14 and j.
7
Let v(d) = -d**3 + 3*d**2 + 3*d + 1. Let m be v(4). Let z be (m/(-4))/(2/8). Suppose z*w - 88 = -w. Calculate the greatest common divisor of w and 154.
22
Suppose 1344 = -k + 5*k. Let w(y) = 3*y**3 + 12*y**2 - 48*y - 24. Let d be w(-6). What is the greatest common factor of k and d?
48
Let a = 865 + -837. What is the greatest common divisor of 644 and a?
28
Suppose p - 88 = -7*p. What is the greatest common divisor of 55 and p?
11
Suppose -4*h + i + 48 = 0, -5*h + 11*i + 60 = 7*i. What is the highest common divisor of 12 and h?
12
Let t = -124 + 133. What is the greatest common factor of 387 and t?
9
Let x = 4 - -53. What is the greatest common divisor of x and 76?
19
Let m(g) = 3*g + 9. Let q(l) = 5*l + 18. Let h(f) = 7*m(f) - 4*q(f). Let w be h(14). What is the highest common divisor of 40 and w?
5
Let v be -4*(13/8*-2 + 0). Suppose 0 = -2*b + 270 + 16. Calculate the highest common factor of b and v.
13
Let q = 2384 - 1317. Calculate the greatest common factor of q and 22.
11
Let g be -5 - (-4 + 0) - -209. Calculate the greatest common divisor of g and 16.
16
Suppose -286 = -4*a + 5*k - 7, -a + 61 = -3*k. What is the highest common divisor of a and 64?
4
Suppose 15*n = -7*n + 7502. What is the highest common divisor of n and 11?
11
Suppose 3*p - 672 = -0*p. What is the greatest common divisor of p and 168?
56
Let q be ((-15)/10)/(6/(-2120)). Suppose -4*b - p + q = 0, 3*b - 72 = 4*p + 316. What is the highest common divisor of 12 and b?
12
Suppose 2*t - 60 = 5*t. Let q be 5/(t/8)*21. Let m = -6 - q. What is the highest common divisor of m and 24?
12
Let u(m) = -3*m + 3*m - 7 - 7*m + 0*m. Let d be u(-5). Let r be d - (-2)/3*3. Calculate the highest common factor of r and 15.
15
Let u = 265 - 211. What is the greatest common divisor of 189 and u?
27
Let d = 845 - 677. What is the greatest common divisor of 21 and d?
21
Let c be 8/3*(2 - (-7 - 0)). Calculate the greatest common factor of 6 and c.
6
Suppose -2*p + 27 = -5*k, -5 = 2*k + 3*k. Calculate the greatest common factor of p and 55.
11
Suppose -x - 2 = -7. Suppose 0*k - x*n = 4*k 